{"id":763,"date":"2022-11-01T14:10:35","date_gmt":"2022-11-01T14:10:35","guid":{"rendered":"https:\/\/sedtalks.es\/?page_id=763"},"modified":"2022-11-01T14:12:23","modified_gmt":"2022-11-01T14:12:23","slug":"condiciones-generales-de-uso-y-contratacion","status":"publish","type":"page","link":"https:\/\/sedtalks.es\/index.php\/condiciones-generales-de-uso-y-contratacion\/","title":{"rendered":"Condiciones generales de uso y contrataci\u00f3n"},"content":{"rendered":"\t\t<div data-elementor-type=\"wp-page\" data-elementor-id=\"763\" class=\"elementor elementor-763\" data-elementor-post-type=\"page\">\n\t\t\t\t\t\t<section class=\"elementor-section elementor-top-section elementor-element elementor-element-16defae0 elementor-section-boxed elementor-section-height-default elementor-section-height-default\" data-id=\"16defae0\" data-element_type=\"section\" data-settings=\"{&quot;background_background&quot;:&quot;classic&quot;}\">\n\t\t\t\t\t\t\t<div class=\"elementor-background-overlay\"><\/div>\n\t\t\t\t\t\t\t<div class=\"elementor-container elementor-column-gap-default\">\n\t\t\t\t\t<div class=\"elementor-column elementor-col-33 elementor-top-column elementor-element elementor-element-102d507b\" data-id=\"102d507b\" data-element_type=\"column\">\n\t\t\t<div class=\"elementor-widget-wrap elementor-element-populated\">\n\t\t\t\t\t\t<div class=\"elementor-element elementor-element-add7dbe elementor-widget elementor-widget-image\" data-id=\"add7dbe\" data-element_type=\"widget\" data-widget_type=\"image.default\">\n\t\t\t\t<div class=\"elementor-widget-container\">\n\t\t\t\t\t\t\t\t\t\t\t\t\t\t\t<img fetchpriority=\"high\" decoding=\"async\" width=\"512\" height=\"449\" src=\"https:\/\/sedtalks.es\/wp-content\/uploads\/2022\/10\/SED-SOMOS-EMPRENDEDORES-DIGITALES.png\" class=\"attachment-large size-large wp-image-639\" alt=\"\" srcset=\"https:\/\/sedtalks.es\/wp-content\/uploads\/2022\/10\/SED-SOMOS-EMPRENDEDORES-DIGITALES.png 512w, https:\/\/sedtalks.es\/wp-content\/uploads\/2022\/10\/SED-SOMOS-EMPRENDEDORES-DIGITALES-300x263.png 300w\" sizes=\"(max-width: 512px) 100vw, 512px\" \/>\t\t\t\t\t\t\t\t\t\t\t\t\t\t\t<\/div>\n\t\t\t\t<\/div>\n\t\t\t\t\t<\/div>\n\t\t<\/div>\n\t\t\t\t<div class=\"elementor-column elementor-col-66 elementor-top-column elementor-element elementor-element-473ec104\" data-id=\"473ec104\" data-element_type=\"column\">\n\t\t\t<div class=\"elementor-widget-wrap elementor-element-populated\">\n\t\t\t\t\t\t<div class=\"elementor-element elementor-element-56cd91b1 elementor-widget elementor-widget-text-editor\" data-id=\"56cd91b1\" data-element_type=\"widget\" data-widget_type=\"text-editor.default\">\n\t\t\t\t<div class=\"elementor-widget-container\">\n\t\t\t\t\t\t\t\t\t<p><span style=\"background-color: var( --e-global-color-2005eb9 );\">#SEDTalks<\/span><\/p>\t\t\t\t\t\t\t\t<\/div>\n\t\t\t\t<\/div>\n\t\t\t\t\t<\/div>\n\t\t<\/div>\n\t\t\t\t\t<\/div>\n\t\t<\/section>\n\t\t\t\t<section class=\"elementor-section elementor-top-section elementor-element elementor-element-4aae4236 elementor-section-boxed elementor-section-height-default elementor-section-height-default\" data-id=\"4aae4236\" data-element_type=\"section\">\n\t\t\t\t\t\t<div class=\"elementor-container elementor-column-gap-default\">\n\t\t\t\t\t<div class=\"elementor-column elementor-col-100 elementor-top-column elementor-element elementor-element-39befd2e\" data-id=\"39befd2e\" data-element_type=\"column\">\n\t\t\t<div class=\"elementor-widget-wrap elementor-element-populated\">\n\t\t\t\t\t\t<div class=\"elementor-element elementor-element-570ea060 elementor-widget elementor-widget-text-editor\" data-id=\"570ea060\" data-element_type=\"widget\" data-widget_type=\"text-editor.default\">\n\t\t\t\t<div class=\"elementor-widget-container\">\n\t\t\t\t\t\t\t\t\t<h2 style=\"text-align: center;\"><b>Condiciones generales de uso y contrataci\u00f3n<\/b><\/h2><ol><li><b> INFORMACI\u00d3N GENERAL<\/b><\/li><\/ol><p><b>Caballeros Hijos Dalgo de Linares S.L.<\/b><span style=\"font-weight: 400;\">\u00a0en su condici\u00f3n de titular de la presente p\u00e1gina web, en cumplimiento de lo establecido en el art\u00edculo 10 de la Ley 34\/2002, de 11 de julio, de Servicios de la Sociedad de la Informaci\u00f3n y de Comercio Electr\u00f3nico, pone a disposici\u00f3n de los usuarios la siguiente informaci\u00f3n general de este sitio web:<\/span><\/p><p><b>Domicilio:<\/b><span style=\"font-weight: 400;\">\u00a0Calle Pousa 3, 36420 Crecente \u2013 Pontevedra<\/span><\/p><p><b>NIF:<\/b><span style=\"font-weight: 400;\">\u00a0\u00a0B36282960\u00a0<\/span><\/p><p><b>Datos Registro Mercantil: <\/b><span style=\"font-weight: 400;\">(Tomo 1928, libro 186, secci\u00f3n 8\u00aa, inscripci\u00f3n 1\u00aa de la hoja PO19098<\/span><\/p><p><span style=\"font-weight: 400;\">\u00a0<\/span><b>PARTES CONTRATANTES:<\/b><\/p><ul><li style=\"font-weight: 400;\" aria-level=\"1\"><span style=\"font-weight: 400;\">De un lado, <\/span><b>Caballeros Hijos Dalgo de Linares S.L.<\/b><\/li><li style=\"font-weight: 400;\" aria-level=\"1\"><span style=\"font-weight: 400;\">Por otro lado,\u00a0el ASISTENTE<\/span><\/li><\/ul><p><b>3.DEFINICI\u00d3N DE LOS DOCUMENTOS CONTRACTUALES<\/b><\/p><p><span style=\"font-weight: 400;\">Estas condiciones generales (en adelante, las \u00abCondiciones Generales\u00bb) regulan el contrato establecido entre\u00a0<\/span><b> Caballeros Hijos Dalgo de Linares S.L.<\/b><span style=\"font-weight: 400;\">\u00a0 (en adelante,\u00a0<\/span><b>\u201cSEDTALKS\u201d<\/b><span style=\"font-weight: 400;\">), y Vd. (en adelante, el\u00a0<\/span><b>\u00abASISTENTE\u00bb<\/b><span style=\"font-weight: 400;\">), relativo a la adquisici\u00f3n de entradas al evento SEDTALKS, en los t\u00e9rminos que se establecen en estas condiciones generales.<\/span><\/p><p><span style=\"font-weight: 400;\">Una vez EL ASISTENTE se registra en la p\u00e1gina web de\u00a0<\/span><b>SEDTALKS<\/b><span style=\"font-weight: 400;\">\u00a0y efect\u00faa la adquisici\u00f3n de una entrada al evento SEDTALKS, \u00e9ste acepta todas y cada una de las condiciones generales que se establecen en este contrato.<\/span><\/p><p><span style=\"font-weight: 400;\">Trat\u00e1ndose de contrataci\u00f3n electr\u00f3nica, ambas partes renuncian a la firma convencional, que se ver\u00e1 sustituida por la justificaci\u00f3n escrita de la contrataci\u00f3n efectuada, en los t\u00e9rminos establecidos en el art\u00edculo 5 de la Ley 7\/1998, de 13 de abril, que regula las Condiciones Generales de Contrataci\u00f3n.\u00a0<\/span><\/p><p><b>4.OBJETO<\/b><\/p><p><span style=\"font-weight: 400;\">Las presentes condiciones generales tienen por objeto regular las condiciones de asistencia al evento\u00a0<\/span><b>SEDTALKS<\/b><span style=\"font-weight: 400;\">\u00a0 por parte de los <\/span><b>ASISTENTES.<\/b><\/p><ol start=\"5\"><li><b> OBLIGACIONES DEL ASISTENTE<\/b><\/li><\/ol><p><span style=\"font-weight: 400;\">Como contraprestaci\u00f3n por la adquisici\u00f3n de la entrada al evento, el\u00a0<\/span><b>ASISTENTE<\/b><span style=\"font-weight: 400;\">\u00a0vendr\u00e1 obligado a satisfacer el precio en la cuant\u00eda y forma de pago notificada por\u00a0<\/span><b>SEDTALKS<\/b><span style=\"font-weight: 400;\">\u00a0y aceptado por\u00a0<\/span><b>EL ASISTENTE<\/b><span style=\"font-weight: 400;\">\u00a0en el proceso de registro o identificaci\u00f3n, salvo en aquellos casos que se haya optado por la modalidad de invitaci\u00f3n, que no conllevar\u00e1 contraprestaci\u00f3n.<\/span><\/p><p><span style=\"font-weight: 400;\">En caso de impago por <\/span><b>EL ASISTENTE<\/b><span style=\"font-weight: 400;\">\u00a0de alguna de las cantidades debidas a\u00a0<\/span><b>SEDTALKS<\/b><span style=\"font-weight: 400;\">\u00a0como contraprestaci\u00f3n por la adquisici\u00f3n de la entrada al evento,\u00a0<\/span><b>SEDTALKS<\/b><span style=\"font-weight: 400;\">\u00a0se reserva el derecho a anular la adquisici\u00f3n de la entrada, as\u00ed como su derecho de admisi\u00f3n.<\/span><\/p><p><b>EL ASISTENTE<\/b><span style=\"font-weight: 400;\">, se compromete a seguir las indicaciones del personal del\u00a0<\/span><b>SEDTALKS<\/b><span style=\"font-weight: 400;\">\u00a0y a seguir un comportamiento adecuado de respeto hacia las instalaciones, el personal y el resto de los asistentes.<\/span><\/p><p><span style=\"font-weight: 400;\">Las entradas e invitaciones ser\u00e1n nominales, por lo que EL ASISTENTE deber\u00e1 facilitar los datos personales que se exijan para su correcta identificaci\u00f3n. El ASISTENTE asume toda responsabilidad en caso de que presente datos falsos o que dicha entrada se presente por duplicado, fotocopiada o falsificada, perdiendo todos los derechos que \u00e9sta le otorga para poder acceder al recinto del evento.<\/span><\/p><p><span style=\"font-weight: 400;\">En caso de habilitarse modalidades online o streaming de asistencia al evento, <\/span><b>SEDTALKS<\/b><span style=\"font-weight: 400;\">\u00a0podr\u00e1 exigir al\u00a0<\/span><b> ASISTENTE<\/b><span style=\"font-weight: 400;\">\u00a0el empleo de un c\u00f3digo de\u00a0<\/span><b>ASISTENTE<\/b><span style=\"font-weight: 400;\">\u00a0(login) y una contrase\u00f1a (password) para utilizar los Servicios (en adelante, las \u00abClaves de Acceso\u00bb). Con motivo de facilitar el uso de los Servicios,\u00a0<\/span><b>SEDTALKS<\/b><span style=\"font-weight: 400;\">\u00a0podr\u00e1 proporcionar al\u00a0<\/span><b>ASISTENTE<\/b><span style=\"font-weight: 400;\">\u00a0sus propias Claves de Acceso. En tal caso, la asignaci\u00f3n de las Claves de Acceso se produce de manera autom\u00e1tica y aleatoria y el \u00fanico criterio empleado al efecto es la inexistencia de unas Claves de Acceso previas que sean id\u00e9nticas a las proporcionadas al\u00a0<\/span><b>ASISTENTE.<\/b><\/p><ol start=\"6\"><li><b> DERECHOS DE IMAGEN<\/b><\/li><\/ol><p><span style=\"font-weight: 400;\">EL ASISTENTE reconoce que podr\u00e1 aparecer en im\u00e1genes tomadas dentro de los recintos del evento\u00a0 por diferentes medios para su posterior difusi\u00f3n informativa, y autoriza dicho uso.<\/span><\/p><p><span style=\"font-weight: 400;\">Las im\u00e1genes pueden ser que aparezcan en Internet por lo que su difusi\u00f3n puede ser no controlada.<\/span><\/p><ol start=\"7\"><li><b> NOTIFICACIONES<\/b><\/li><\/ol><p><span style=\"font-weight: 400;\">Se considerar\u00e1n eficaces a todos los efectos las comunicaciones que\u00a0<\/span><b>SEDTALKS<\/b><span style=\"font-weight: 400;\">\u00a0y EL ASISTENTE\u00a0se realicen por la direcci\u00f3n de correo electr\u00f3nico que faciliten en el momento de adquisici\u00f3n de la entrada o en cualquier otro posterior.<\/span><\/p><ol start=\"8\"><li><b> DURACI\u00d3N DEL CONTRATO<\/b><\/li><\/ol><p><span style=\"font-weight: 400;\">El contrato entrar\u00e1 en vigor en el momento de adquisici\u00f3n de la entrada por parte del ASISTENTE y durar\u00e1 hasta la finalizaci\u00f3n del evento.<\/span><\/p><ol start=\"9\"><li><b> CANCELACI\u00d3N Y DESISTIMIENTO<\/b><\/li><\/ol><p><span style=\"font-weight: 400;\">No es posible cancelar la compra de una entrada o devolverla cuando ya se ha comprado. No poder asistir al evento o cometer un error al adquirir las entradas no son motivos que permitan su devoluci\u00f3n. Solo se podr\u00e1 anular por posibles incidencias t\u00e9cnicas u operativas, o por la cancelaci\u00f3n del espect\u00e1culo.<\/span><\/p><p><span style=\"font-weight: 400;\">Las entradas adquiridas mediante la modalidad de invitaci\u00f3n, es decir, sin contraprestaci\u00f3n podr\u00e1n ser anuladas en cualquier momento por parte de SEDTALKS.<\/span><\/p><ol start=\"10\"><li><b> LEY APLICABLE<\/b><\/li><\/ol><p><span style=\"font-weight: 400;\">La prestaci\u00f3n de los Servicios y la entrega de los productos objeto de este Contrato se regir\u00e1 por la legislaci\u00f3n espa\u00f1ola.<\/span><\/p><ol start=\"11\"><li><b> JUZGADOS Y TRIBUNALES COMPETENTES<\/b><\/li><\/ol><p><b>SEDTALKS<\/b><span style=\"font-weight: 400;\">\u00a0y EL ASISTENTE\u00a0se someten a los Juzgados y Tribunales del domicilio del consumidor en cumplimiento del art\u00edculo 90 del Real Decreto Legislativo 1\/2007, de 16 de noviembre, por el que se aprueba el texto refundido de la Ley General para la Defensa de los Consumidores y Usuarios y otras leyes complementarias<\/span><\/p><ol start=\"12\"><li><span style=\"font-weight: 400;\"> RESOLUCI\u00d3N ALTERNATIVA DE CONFLICTOS:<\/span><\/li><\/ol><p><span style=\"font-weight: 400;\">Esta entidad tiene una pol\u00edtica activa de resoluci\u00f3n de conflictos. Informamos que seg\u00fan el Art. 40 de la Ley 7\/2017 se facilita el acceso a la plataforma de resoluci\u00f3n de litigios en l\u00ednea que se encuentra disponible en el siguiente enlace: https:\/\/ec.europa.eu\/consumers\/odr\/main\/index.cfm?event=main.home.show&amp;lng=ES Esto no obstante, decidiremos, en cada caso, si nos adherimos o no a este sistema, ya que consideramos que los conflictos pueden y deben resolverse fuera de estos \u00e1mbitos, por lo que aconsejamos que previamente a cualquier reclamaci\u00f3n utilic\u00e9is nuestro sistema de atenci\u00f3n al cliente en vigo@sedtalks.es.\u00a0<\/span><\/p><ol start=\"13\"><li><b> PROTECCI\u00d3N DE DATOS<\/b><\/li><\/ol><p><span style=\"font-weight: 400;\">Ponemos a disposici\u00f3n del usuario la pol\u00edtica de privacidad a trav\u00e9s del enlace (<\/span><span style=\"font-weight: 400;\">_____________<\/span><span style=\"font-weight: 400;\">)<\/span><\/p><ol start=\"14\"><li><b> CONSENTIMIENTO Y ACEPTACI\u00d3N<\/b><\/li><\/ol><p><span style=\"font-weight: 400;\">La aceptaci\u00f3n del presente documento conlleva que el usuario:<\/span><\/p><p><span style=\"font-weight: 400;\">Ha le\u00eddo y est\u00e1 informado de lo aqu\u00ed expuesto.<\/span><\/p><p><span style=\"font-weight: 400;\">Que es una persona con capacidad para contratar y asume todas las obligaciones aqu\u00ed expuestas.<\/span><\/p><p><span style=\"font-weight: 400;\">Las presentes condiciones ser\u00e1n aplicables a las contrataciones realizadas a trav\u00e9s del sitio web.<\/span><\/p><p><span style=\"font-weight: 400;\">Las presentes Condiciones Generales de Uso y Contrataci\u00f3n del sitio web, junto con las Condiciones Particulares que puedan establecerse, tienen como fin poner a disposici\u00f3n del usuario informaci\u00f3n necesaria y regular las relaciones comerciales que surjan entre\u00a0<\/span><b>\u201cSEDTALKS\u201d<\/b><span style=\"font-weight: 400;\">\u00a0y los usuarios de la web. Tanto la navegaci\u00f3n, como el registro, la utilizaci\u00f3n y\/o la adquisici\u00f3n de cualquiera de los servicios de la web, suponen la aceptaci\u00f3n como Usuario, sin reservas de ninguna clase, de todas y cada una de las presentes Condiciones Generales de Uso y Contrataci\u00f3n que en su caso rijan la adquisici\u00f3n de los bienes y\/o la prestaci\u00f3n de los servicios, as\u00ed como en su caso, de las Condiciones Particulares si las hubiere.<\/span><\/p><p><b>\u201cSEDTALKS\u201d<\/b><span style=\"font-weight: 400;\">\u00a0podr\u00e1 en cualquier momento y sin necesidad de previo aviso, modificar las presentes Condiciones Generales de Uso y Contrataci\u00f3n y las Condiciones Particulares mediante la publicaci\u00f3n de dichas modificaciones en la propia web para que puedan ser conocidas por los Usuarios. Dichas posibles modificaciones no afectar\u00e1n a los servicios o promociones que fueron adquiridos por el Usuario previamente a la modificaci\u00f3n, por tanto, no tendr\u00e1 car\u00e1cter retroactivo.<\/span><\/p><p><span style=\"font-weight: 400;\">Entiendo que, si no consiento y acepto las condiciones de uso en su totalidad y sin modificaci\u00f3n, en ese caso no debo completar mi registro de matriculaci\u00f3n o compra.<\/span><\/p><p>\u00a0<\/p>\t\t\t\t\t\t\t\t<\/div>\n\t\t\t\t<\/div>\n\t\t\t\t\t<\/div>\n\t\t<\/div>\n\t\t\t\t\t<\/div>\n\t\t<\/section>\n\t\t\t\t<\/div>\n\t\t","protected":false},"excerpt":{"rendered":"<p>#SEDTalks Condiciones generales de uso y contrataci\u00f3n INFORMACI\u00d3N GENERAL Caballeros Hijos Dalgo de Linares S.L.\u00a0en su condici\u00f3n de titular de la presente p\u00e1gina web, en cumplimiento de lo establecido en el art\u00edculo 10 de la Ley 34\/2002, de 11 de julio, de Servicios de la Sociedad de la Informaci\u00f3n y de Comercio Electr\u00f3nico, pone a &#8230; <a title=\"Condiciones generales de uso y contrataci\u00f3n\" class=\"read-more\" href=\"https:\/\/sedtalks.es\/index.php\/condiciones-generales-de-uso-y-contratacion\/\" aria-label=\"M\u00e1s en Condiciones generales de uso y contrataci\u00f3n\">Leer m\u00e1s<\/a><\/p>\n","protected":false},"author":1,"featured_media":0,"parent":0,"menu_order":0,"comment_status":"closed","ping_status":"closed","template":"elementor_canvas","meta":{"footnotes":""},"class_list":["post-763","page","type-page","status-publish"],"yoast_head":"<!-- This site is optimized with the Yoast SEO plugin v25.1 - https:\/\/yoast.com\/wordpress\/plugins\/seo\/ -->\n<title>Condiciones generales de uso y contrataci\u00f3n - SEDTalks. El evento para emprendedores de Vigo<\/title>\n<meta name=\"robots\" content=\"index, follow, max-snippet:-1, max-image-preview:large, max-video-preview:-1\" \/>\n<link rel=\"canonical\" href=\"https:\/\/sedtalks.es\/index.php\/condiciones-generales-de-uso-y-contratacion\/\" \/>\n<meta property=\"og:locale\" content=\"es_ES\" \/>\n<meta property=\"og:type\" content=\"article\" \/>\n<meta property=\"og:title\" content=\"Condiciones generales de uso y contrataci\u00f3n - SEDTalks. El evento para emprendedores de Vigo\" \/>\n<meta property=\"og:description\" content=\"#SEDTalks Condiciones generales de uso y contrataci\u00f3n INFORMACI\u00d3N GENERAL Caballeros Hijos Dalgo de Linares S.L.\u00a0en su condici\u00f3n de titular de la presente p\u00e1gina web, en cumplimiento de lo establecido en el art\u00edculo 10 de la Ley 34\/2002, de 11 de julio, de Servicios de la Sociedad de la Informaci\u00f3n y de Comercio Electr\u00f3nico, pone a ... Leer m\u00e1s\" \/>\n<meta property=\"og:url\" content=\"https:\/\/sedtalks.es\/index.php\/condiciones-generales-de-uso-y-contratacion\/\" \/>\n<meta property=\"og:site_name\" content=\"SEDTalks. El evento para emprendedores de Vigo\" \/>\n<meta property=\"article:modified_time\" content=\"2022-11-01T14:12:23+00:00\" \/>\n<meta property=\"og:image\" content=\"https:\/\/sedtalks.es\/wp-content\/uploads\/2022\/10\/SED-SOMOS-EMPRENDEDORES-DIGITALES.png\" \/>\n<meta name=\"twitter:card\" content=\"summary_large_image\" \/>\n<meta name=\"twitter:label1\" content=\"Tiempo de lectura\" \/>\n\t<meta name=\"twitter:data1\" content=\"6 minutos\" \/>\n<script type=\"application\/ld+json\" class=\"yoast-schema-graph\">{\"@context\":\"https:\/\/schema.org\",\"@graph\":[{\"@type\":\"WebPage\",\"@id\":\"https:\/\/sedtalks.es\/index.php\/condiciones-generales-de-uso-y-contratacion\/\",\"url\":\"https:\/\/sedtalks.es\/index.php\/condiciones-generales-de-uso-y-contratacion\/\",\"name\":\"Condiciones generales de uso y contrataci\u00f3n - SEDTalks. El evento para emprendedores de Vigo\",\"isPartOf\":{\"@id\":\"https:\/\/sedtalks.es\/#website\"},\"primaryImageOfPage\":{\"@id\":\"https:\/\/sedtalks.es\/index.php\/condiciones-generales-de-uso-y-contratacion\/#primaryimage\"},\"image\":{\"@id\":\"https:\/\/sedtalks.es\/index.php\/condiciones-generales-de-uso-y-contratacion\/#primaryimage\"},\"thumbnailUrl\":\"https:\/\/sedtalks.es\/wp-content\/uploads\/2022\/10\/SED-SOMOS-EMPRENDEDORES-DIGITALES.png\",\"datePublished\":\"2022-11-01T14:10:35+00:00\",\"dateModified\":\"2022-11-01T14:12:23+00:00\",\"breadcrumb\":{\"@id\":\"https:\/\/sedtalks.es\/index.php\/condiciones-generales-de-uso-y-contratacion\/#breadcrumb\"},\"inLanguage\":\"es\",\"potentialAction\":[{\"@type\":\"ReadAction\",\"target\":[\"https:\/\/sedtalks.es\/index.php\/condiciones-generales-de-uso-y-contratacion\/\"]}]},{\"@type\":\"ImageObject\",\"inLanguage\":\"es\",\"@id\":\"https:\/\/sedtalks.es\/index.php\/condiciones-generales-de-uso-y-contratacion\/#primaryimage\",\"url\":\"https:\/\/sedtalks.es\/wp-content\/uploads\/2022\/10\/SED-SOMOS-EMPRENDEDORES-DIGITALES.png\",\"contentUrl\":\"https:\/\/sedtalks.es\/wp-content\/uploads\/2022\/10\/SED-SOMOS-EMPRENDEDORES-DIGITALES.png\",\"width\":512,\"height\":449},{\"@type\":\"BreadcrumbList\",\"@id\":\"https:\/\/sedtalks.es\/index.php\/condiciones-generales-de-uso-y-contratacion\/#breadcrumb\",\"itemListElement\":[{\"@type\":\"ListItem\",\"position\":1,\"name\":\"Portada\",\"item\":\"https:\/\/sedtalks.es\/\"},{\"@type\":\"ListItem\",\"position\":2,\"name\":\"Condiciones generales de uso y contrataci\u00f3n\"}]},{\"@type\":\"WebSite\",\"@id\":\"https:\/\/sedtalks.es\/#website\",\"url\":\"https:\/\/sedtalks.es\/\",\"name\":\"SEDTalks. El evento para emprendedores de Vigo\",\"description\":\"SEDTalks Congreso Emprendedores Vigo\",\"publisher\":{\"@id\":\"https:\/\/sedtalks.es\/#organization\"},\"potentialAction\":[{\"@type\":\"SearchAction\",\"target\":{\"@type\":\"EntryPoint\",\"urlTemplate\":\"https:\/\/sedtalks.es\/?s={search_term_string}\"},\"query-input\":{\"@type\":\"PropertyValueSpecification\",\"valueRequired\":true,\"valueName\":\"search_term_string\"}}],\"inLanguage\":\"es\"},{\"@type\":\"Organization\",\"@id\":\"https:\/\/sedtalks.es\/#organization\",\"name\":\"SEDTalks. El evento para emprendedores de Vigo\",\"url\":\"https:\/\/sedtalks.es\/\",\"logo\":{\"@type\":\"ImageObject\",\"inLanguage\":\"es\",\"@id\":\"https:\/\/sedtalks.es\/#\/schema\/logo\/image\/\",\"url\":\"https:\/\/sedtalks.es\/wp-content\/uploads\/2025\/04\/cropped-Captura-de-pantalla-2025-04-10-a-las-11.09.08.png\",\"contentUrl\":\"https:\/\/sedtalks.es\/wp-content\/uploads\/2025\/04\/cropped-Captura-de-pantalla-2025-04-10-a-las-11.09.08.png\",\"width\":1138,\"height\":228,\"caption\":\"SEDTalks. El evento para emprendedores de Vigo\"},\"image\":{\"@id\":\"https:\/\/sedtalks.es\/#\/schema\/logo\/image\/\"}}]}<\/script>\n<!-- \/ Yoast SEO plugin. -->","yoast_head_json":{"title":"Condiciones generales de uso y contrataci\u00f3n - SEDTalks. El evento para emprendedores de Vigo","robots":{"index":"index","follow":"follow","max-snippet":"max-snippet:-1","max-image-preview":"max-image-preview:large","max-video-preview":"max-video-preview:-1"},"canonical":"https:\/\/sedtalks.es\/index.php\/condiciones-generales-de-uso-y-contratacion\/","og_locale":"es_ES","og_type":"article","og_title":"Condiciones generales de uso y contrataci\u00f3n - SEDTalks. El evento para emprendedores de Vigo","og_description":"#SEDTalks Condiciones generales de uso y contrataci\u00f3n INFORMACI\u00d3N GENERAL Caballeros Hijos Dalgo de Linares S.L.\u00a0en su condici\u00f3n de titular de la presente p\u00e1gina web, en cumplimiento de lo establecido en el art\u00edculo 10 de la Ley 34\/2002, de 11 de julio, de Servicios de la Sociedad de la Informaci\u00f3n y de Comercio Electr\u00f3nico, pone a ... Leer m\u00e1s","og_url":"https:\/\/sedtalks.es\/index.php\/condiciones-generales-de-uso-y-contratacion\/","og_site_name":"SEDTalks. El evento para emprendedores de Vigo","article_modified_time":"2022-11-01T14:12:23+00:00","og_image":[{"url":"https:\/\/sedtalks.es\/wp-content\/uploads\/2022\/10\/SED-SOMOS-EMPRENDEDORES-DIGITALES.png","type":"","width":"","height":""}],"twitter_card":"summary_large_image","twitter_misc":{"Tiempo de lectura":"6 minutos"},"schema":{"@context":"https:\/\/schema.org","@graph":[{"@type":"WebPage","@id":"https:\/\/sedtalks.es\/index.php\/condiciones-generales-de-uso-y-contratacion\/","url":"https:\/\/sedtalks.es\/index.php\/condiciones-generales-de-uso-y-contratacion\/","name":"Condiciones generales de uso y contrataci\u00f3n - SEDTalks. El evento para emprendedores de Vigo","isPartOf":{"@id":"https:\/\/sedtalks.es\/#website"},"primaryImageOfPage":{"@id":"https:\/\/sedtalks.es\/index.php\/condiciones-generales-de-uso-y-contratacion\/#primaryimage"},"image":{"@id":"https:\/\/sedtalks.es\/index.php\/condiciones-generales-de-uso-y-contratacion\/#primaryimage"},"thumbnailUrl":"https:\/\/sedtalks.es\/wp-content\/uploads\/2022\/10\/SED-SOMOS-EMPRENDEDORES-DIGITALES.png","datePublished":"2022-11-01T14:10:35+00:00","dateModified":"2022-11-01T14:12:23+00:00","breadcrumb":{"@id":"https:\/\/sedtalks.es\/index.php\/condiciones-generales-de-uso-y-contratacion\/#breadcrumb"},"inLanguage":"es","potentialAction":[{"@type":"ReadAction","target":["https:\/\/sedtalks.es\/index.php\/condiciones-generales-de-uso-y-contratacion\/"]}]},{"@type":"ImageObject","inLanguage":"es","@id":"https:\/\/sedtalks.es\/index.php\/condiciones-generales-de-uso-y-contratacion\/#primaryimage","url":"https:\/\/sedtalks.es\/wp-content\/uploads\/2022\/10\/SED-SOMOS-EMPRENDEDORES-DIGITALES.png","contentUrl":"https:\/\/sedtalks.es\/wp-content\/uploads\/2022\/10\/SED-SOMOS-EMPRENDEDORES-DIGITALES.png","width":512,"height":449},{"@type":"BreadcrumbList","@id":"https:\/\/sedtalks.es\/index.php\/condiciones-generales-de-uso-y-contratacion\/#breadcrumb","itemListElement":[{"@type":"ListItem","position":1,"name":"Portada","item":"https:\/\/sedtalks.es\/"},{"@type":"ListItem","position":2,"name":"Condiciones generales de uso y contrataci\u00f3n"}]},{"@type":"WebSite","@id":"https:\/\/sedtalks.es\/#website","url":"https:\/\/sedtalks.es\/","name":"SEDTalks. El evento para emprendedores de Vigo","description":"SEDTalks Congreso Emprendedores Vigo","publisher":{"@id":"https:\/\/sedtalks.es\/#organization"},"potentialAction":[{"@type":"SearchAction","target":{"@type":"EntryPoint","urlTemplate":"https:\/\/sedtalks.es\/?s={search_term_string}"},"query-input":{"@type":"PropertyValueSpecification","valueRequired":true,"valueName":"search_term_string"}}],"inLanguage":"es"},{"@type":"Organization","@id":"https:\/\/sedtalks.es\/#organization","name":"SEDTalks. El evento para emprendedores de Vigo","url":"https:\/\/sedtalks.es\/","logo":{"@type":"ImageObject","inLanguage":"es","@id":"https:\/\/sedtalks.es\/#\/schema\/logo\/image\/","url":"https:\/\/sedtalks.es\/wp-content\/uploads\/2025\/04\/cropped-Captura-de-pantalla-2025-04-10-a-las-11.09.08.png","contentUrl":"https:\/\/sedtalks.es\/wp-content\/uploads\/2025\/04\/cropped-Captura-de-pantalla-2025-04-10-a-las-11.09.08.png","width":1138,"height":228,"caption":"SEDTalks. El evento para emprendedores de Vigo"},"image":{"@id":"https:\/\/sedtalks.es\/#\/schema\/logo\/image\/"}}]}},"_links":{"self":[{"href":"https:\/\/sedtalks.es\/index.php\/wp-json\/wp\/v2\/pages\/763","targetHints":{"allow":["GET"]}}],"collection":[{"href":"https:\/\/sedtalks.es\/index.php\/wp-json\/wp\/v2\/pages"}],"about":[{"href":"https:\/\/sedtalks.es\/index.php\/wp-json\/wp\/v2\/types\/page"}],"author":[{"embeddable":true,"href":"https:\/\/sedtalks.es\/index.php\/wp-json\/wp\/v2\/users\/1"}],"replies":[{"embeddable":true,"href":"https:\/\/sedtalks.es\/index.php\/wp-json\/wp\/v2\/comments?post=763"}],"version-history":[{"count":5,"href":"https:\/\/sedtalks.es\/index.php\/wp-json\/wp\/v2\/pages\/763\/revisions"}],"predecessor-version":[{"id":768,"href":"https:\/\/sedtalks.es\/index.php\/wp-json\/wp\/v2\/pages\/763\/revisions\/768"}],"wp:attachment":[{"href":"https:\/\/sedtalks.es\/index.php\/wp-json\/wp\/v2\/media?parent=763"}],"curies":[{"name":"wp","href":"https:\/\/api.w.org\/{rel}","templated":true}]}}